 + -106. What is the remainder when a is divided by ((-15)/(-3))/(((-3)/4)/(-3))?
19
Let q(z) = -3*z**3 + 7*z**2 - 4*z - 12. Let a be q(5). Let r = a - -242. What is the remainder when 83 is divided by r?
3
Let v(o) = o**3 - 26*o**2 + 48*o - 11. Let r be v(24). Let w = 11 + r. Calculate the remainder when 32 is divided by 1 + w + -1 + -1 + 12.
10
Suppose -3 = 5*q - k, -5*q - 6 = 3*k - 5*k. Suppose 7*p - 1072 + 211 = q. What is the remainder when p is divided by 31?
30
Let r = -11380 + 12857. Calculate the remainder when r is divided by 1446.
31
Let d be 8/3*(-3 + 6). Let f be ((-95)/4)/((-2)/(d/1)). Suppose 5*n + 25 - f = 0. What is the remainder when 27 is divided by n?
13
Suppose -13140*i + 13146*i - 1062 = 0. Calculate the remainder when 890 is divided by i.
5
Suppose -384*g = -386*g + 158. What is the remainder when 465 is divided by g?
70
Suppose 8*u = 35*u - 675. Suppose -1862 = -u*v + 18*v. Calculate the remainder when v is divided by 91.
84
Let m = -25 - -54. Let t(f) = f**2 - f + 3. Let l be t(0). Calculate the remainder when m is divided by (16 - 5) + 3 + (l - 6).
7
Let q be (107 - (-5)/5) + -6. Let g = 65 + q. Calculate the remainder when g is divided by 24.
23
Let g = 2605 + -2573. What is the remainder when 2267 is divided by g?
27
Let w = 14182 + -14122. Calculate the remainder when 3779 is divided by w.
59
Suppose -7*a - 2*a = 1251. Let j = -116 - a. Let c(l) = l**2 - 20*l - 60. What is the remainder when 26 is divided by c(j)?
8
Let h(l) = -166*l**3 - l**2 - l - 1. Calculate the remainder when h(-1) is divided by 41.
1
Let d(a) be the first derivative of -a**3/3 + a**2 + 11*a + 8. What is the remainder when 30 is divided by d(4)?
0
Let t(z) = z**2 - 3*z - 5. Let f be t(4). Let h = f - -18. Calculate the remainder when (-3)/(-9) + ((-1314)/(-27) - 4) is divided by h.
11
Suppose 66*k - 173*k + 2043 + 10690 = 0. Suppose 0 = -4*z + 4*f + 148, 219 = 5*z + 4*f + 70. What is the remainder when k is divided by z?
20
Suppose i + 7 = 5*j, 4*i + 5*j - 31 + 9 = 0. What is the remainder when 151 is divided by 6 - -5 - (7 - i)?
4
Suppose 18*h - 1072 = 3*h + 173. What is the remainder when 2403 is divided by h?
79
Suppose -187 = -59*h + 49. Let v(c) = 7 + c + 3 - 7 + 5. What is the remainder when h is divided by v(-4)?
0
Suppose 649 = 828*l - 817*l. Calculate the remainder when l is divided by 36.
23
Suppose -5*j = f + 10, -5*j + 0*f + 10 = -3*f. Let b(d) = -29*d**3 + d**2 + 3*d + 2. Calculate the remainder when 52 is divided by b(j).
23
Suppose -w = 7*y + 4*w - 600, -2*w = -2*y + 168. Calculate the remainder when 309 is divided by y.
54
Let t be (-2)/(0 - -3 - (-3504)/(-1164)). Suppose 1 = o + 3, t = 2*k + 5*o. Calculate the remainder when k is divided by (3/(-9))/((-3)/117).
11
Let q = -20 + 13. Let a(d) = -d**2 - 7*d + 11. Suppose 0 = 4*p - 2*k - 122, -5*p + 13*k = 8*k - 160. Calculate the remainder when p is divided by a(q).
7
Suppose -x + 4 = 3*u, 5*u + 2*x - 5 = -0*x. Suppose -11 = -4*w + u*w. Let m = 193 + -140. Calculate the remainder when m is divided by w.
9
Let f = 165 - -128. Suppose f*u - 21 = 292*u. Calculate the remainder when 122 is divided by u.
17
Let t(g) = 28*g**2 - 1. Let d = -8 - -7. Calculate the remainder when 2/(-3)*-6*1*33 is divided by t(d).
24
Suppose 0 = -8*k + 29 + 203. Suppose -3*b = k*b - 736. What is the remainder when 114 is divided by b?
22
Suppose p = 3*w + 25, 3*p - 6*p = -3*w - 51. Suppose p*k = -0*k + 117. What is the remainder when (-950)/(-22) + (-6)/33 is divided by k?
7
Let v = 3093 - 2866. Calculate the remainder when 380 is divided by v.
153
Suppose 906 = q + 5*b, -3*q + 1832 + 806 = 5*b. What is the remainder when q is divided by 20?
6
Let l(m) = 174*m + 560. Suppose -t = -54 - 59. What is the remainder when t is divided by l(-3)?
37
Let f(w) = 15*w**2 - 1. Calculate the remainder when f(2) is divided by (-8)/(-44) - ((-6550)/(-55))/(-5).
11
Let k = 108 + -72. Suppose -58 = 22*z - 300. Calculate the remainder when k is divided by z.
3
Let n(b) = -4*b**2 + 14*b + 54. Let x be n(-10). Let u = x + 530. What is the remainder when 61 is divided by u?
17
What is the remainder when 60/(-18) + 4 - (-57512)/78 is divided by 106?
102
Let u be 16*-5*5/(-200). Let b(a) = 11*a**3 + a - 1. Let q be b(1). Suppose -u*j + 27 + q = 0. What is the remainder when 36 is divided by j?
17
Suppose 11*f = -63 + 8. Let z be 1/f*37 - (-18)/(-30). What is the remainder when 154 is divided by 1 + 3 - (z - 0)?
10
Let m = -5726 - -6450. What is the remainder when m is divided by 12?
4
Let f = 25 - 196. What is the remainder when (f/6)/(-4 - 14/(-4)) is divided by 10?
7
Calculate the remainder when 14 is divided by (3 + (-35)/10)/(15/(-90)).
2
Suppose -53*x + 4206 + 8286 = 2846. What is the remainder when 373 is divided by x?
9
Suppose 7 - 37 = -10*o. Suppose -5*l + 75 = 4*n, 2*l = 3*n - o*l - 30. What is the remainder when 117 is divided by n?
12
Let v be (-4)/(-26) + 10/((-520)/(-2748)). Let x = v - 18. Calculate the remainder when x is divided by (6/(-4) + 1)*-24.
11
Suppose -3*i = 3*v - 117 - 1233, -2274 = -5*i + 3*v. What is the remainder when i is divided by (6/22)/((-399)/(-17556))?
9
Let m(b) = -b**2 + 21*b + 36. Let x be m(17). Suppose 3*y - 11*y = -x. Let j = 44 - y. Calculate the remainder when j is divided by 7.
3
Suppose 7*r - 454 - 1387 = 0. What is the remainder when r - (-7 + 0 + 8) is divided by 44?
42
Suppose 5*a - 4*z = 14171, z + 14189 = 14*a - 9*a. Calculate the remainder when a is divided by 49.
46
Suppose 5*k + 2*g - 141 = 134, 220 = 4*k + 5*g. Let b be (11 + -5)/((-6)/4). Calculate the remainder when k is divided by (-114)/(-4) + 2/b.
27
Let k = 555 - 395. Let t(n) = 31*n - 25. Let i be t(4). Let z = i - 72. What is the remainder when k is divided by z?
25
Let f be -1*(-1 + 0 + (-10 - -7)). Suppose 5*l - 10 = 5*y, 3*y = 5*l - f*l + 6. Let k = 21 - 6. Calculate the remainder when k is divided by l.
3
Let p(z) = z**2 - 51*z + 200. What is the remainder when (3 + -49)/(-2 - 0) is divided by p(47)?
11
Let o = 5 + 39. Suppose -w + o = 12. Let t(n) = n**3 + 7*n**2 + 7*n - 3. What is the remainder when w is divided by t(-4)?
15
Let k be ((-8)/(-32))/(1/12). Suppose 0 = k*c + 17 - 56. What is the remainder when (322/28)/(1/2) is divided by c?
10
Let r = 332 + -149. Suppose 64 = -7*s + r. What is the remainder when s is divided by 12?
5
Let u be 14/(-1)*(-2)/4. Suppose -5*c = f - 87, 9*f = u*f + 4. Let r = -10 - -39. What is the remainder when r is divided by c?
12
Let j be 30/10 + (0 - (3 - 2)). Let r(n) = 2*n + 16. Let u be r(j). What is the remainder when (-982)/(-8) - (-5)/u is divided by 18?
15
Suppose 0 = -m - 3*m + 32. Suppose 0 = w - 0*w - m. Let j = 1090 + -1086. Calculate the remainder when w is divided by j.
0
Suppose -714*u + 718*u = 228. What is the remainder when u is divided by 15?
12
Let i = 275 + -181. Let n = -24451 + 24500. What is the remainder when i is divided by n?
45
Let r = 679 - 461. Suppose 8*m = 302 + r. Calculate the remainder when m is divided by 9.
2
Suppose -3*i + 424 = 5*p, -2*i + 5*p + 163 = -78. Calculate the remainder when 295 is divided by i.
29
Let j = -458 + -25. Let o = j - -546. What is the remainder when 313 is divided by o?
61
Let h = -62 + 57. Let x be h/(-10) + 1 + 25/2. Suppose 3*l = 2*k + x, -5*l + 3*k = 5*k - 50. What is the remainder when 30 is divided by l?
6
Let t = 5023 - 4791. What is the remainder when t is divided by 211?
21
Let r be (-6)/33 - 420/(-11). Suppose 5*v - r = 102. Let l = 787 + -776. What is the remainder when v is divided by l?
6
Suppose 4*f - 29 + 13 = 0, -2*f = -3*z + 64. What is the remainder when 7680/54 + 2/(-9) is divided by z?
22
Calculate the remainder when 929 is divided by ((-78)/18 - -4) + 1394/6.
1
Let w = -2872 - -2974. Calculate the remainder when 501 is divided by w.
93
Let x(i) = i**3 - i**2 - i + 5. Let u be 5*(0 - 29) - 0/134. Let d = u - -152. Calculate the remainder when d is divided by x(0).
2
Let j be ((-5)/10)/((-1)/(-246)). Let y = j + 155. What is the remainder when 124 is divided by y?
28
Let p be ((-599)/3 + 1)*(5 + -2). Let c = 638 + p. Calculate the remainder when 75 is divided by c.
33
Let h(j) = -7*j**3 - 5*j**2 - 30*j - 51. Let v(r) = -12*r - 7. Calculate the remainder when v(-8) is divided by h(-2).
44
Let z(